{"id":109,"date":"2016-10-14T11:20:04","date_gmt":"2016-10-14T11:20:04","guid":{"rendered":"https:\/\/www.ie.bilkent.edu.tr\/~ie299\/?page_id=6"},"modified":"2024-02-01T08:58:18","modified_gmt":"2024-02-01T08:58:18","slug":"teaching-staff","status":"publish","type":"page","link":"https:\/\/courses.ie.bilkent.edu.tr\/ie299\/teaching-staff\/","title":{"rendered":"Teaching Staff"},"content":{"rendered":"<p><strong>Course Coordinators<\/strong><\/p>\n<p>Dr. Nil \u015eahin<br \/>\nOffice: EA326<br \/>\nTel: x3442<br \/>\nEmail: nilsahin@bilkent.edu.tr<\/p>\n<p>Assoc. Prof. \u00d6zlem \u00c7avu\u015f \u0130yig\u00fcn<br \/>\nOffice: EA206<br \/>\nTel: x1264<br \/>\nEmail: ozlem.cavus@bilkent.edu.tr<\/p>\n","protected":false},"excerpt":{"rendered":"<p>Course Coordinators Dr. Nil \u015eahin Office: EA326 Tel: x3442 Email: nilsahin@bilkent.edu.tr Assoc. Prof. \u00d6zlem \u00c7avu\u015f \u0130yig\u00fcn Office: EA206 Tel: x1264 Email: ozlem.cavus@bilkent.edu.tr<\/p>\n","protected":false},"author":18,"featured_media":0,"parent":0,"menu_order":0,"comment_status":"closed","ping_status":"closed","template":"","meta":{"footnotes":""},"class_list":["post-109","page","type-page","status-publish","hentry"],"_links":{"self":[{"href":"https:\/\/courses.ie.bilkent.edu.tr\/ie299\/wp-json\/wp\/v2\/pages\/109","targetHints":{"allow":["GET"]}}],"collection":[{"href":"https:\/\/courses.ie.bilkent.edu.tr\/ie299\/wp-json\/wp\/v2\/pages"}],"about":[{"href":"https:\/\/courses.ie.bilkent.edu.tr\/ie299\/wp-json\/wp\/v2\/types\/page"}],"author":[{"embeddable":true,"href":"https:\/\/courses.ie.bilkent.edu.tr\/ie299\/wp-json\/wp\/v2\/users\/18"}],"replies":[{"embeddable":true,"href":"https:\/\/courses.ie.bilkent.edu.tr\/ie299\/wp-json\/wp\/v2\/comments?post=109"}],"version-history":[{"count":8,"href":"https:\/\/courses.ie.bilkent.edu.tr\/ie299\/wp-json\/wp\/v2\/pages\/109\/revisions"}],"predecessor-version":[{"id":629,"href":"https:\/\/courses.ie.bilkent.edu.tr\/ie299\/wp-json\/wp\/v2\/pages\/109\/revisions\/629"}],"wp:attachment":[{"href":"https:\/\/courses.ie.bilkent.edu.tr\/ie299\/wp-json\/wp\/v2\/media?parent=109"}],"curies":[{"name":"wp","href":"https:\/\/api.w.org\/{rel}","templated":true}]}}